it of d(2)?
4
Let r be 8*-3*5/15. Let p(a) = -a**3 - 6*a**2 + 14*a + 27. What is the tens digit of p(r)?
4
Let u(w) = w**3 + 4*w - 3. Let y be u(2). Suppose 118*m - 115*m = -6. Let f = y + m. What is the tens digit of f?
1
Let l = 15 + -17. Let b(d) = -64*d + 3. What is the units digit of b(l)?
1
Let x(n) = -2*n - 5 + 24*n**3 - 2 - 3 + 11. What is the tens digit of x(1)?
2
Let i(v) = -v**2. Let k be i(2). What is the units digit of (-105)/k + 1/(-4)?
6
Let j = 4969 - 2151. What is the tens digit of j?
1
Let p(f) = f**2 - 14*f + 46. What is the hundreds digit of p(19)?
1
Let b(n) = -n**3 + n**2 + 4*n. Let j be 3 + (-1)/(0 + -1). Suppose -i - r = 3*i + 9, -j*i + 3 = 5*r. What is the units digit of b(i)?
4
Let j(b) = -4*b + 3 + 2 - 2 + 0*b + b**2. Suppose 0 = 5*x - 2*x - 21. What is the units digit of j(x)?
4
Let w(q) = -55*q + 7. Let b(p) = -27*p + 4. Let l(u) = -5*b(u) + 3*w(u). Let y be l(-2). Suppose 5*k = 2*a + y + 34, 3*a = -15. What is the units digit of k?
7
What is the hundreds digit of 4/34 - (-16828)/17?
9
Let d be -9*(-3)/18*2. Suppose d*p + 0*p - 9 = 0. Suppose -p*g + 58 = 19. What is the units digit of g?
3
Let j = 212 + -80. What is the units digit of (-4)/(-10) + j/20?
7
Suppose -3*x + 2*h = -2*h - 3323, 3*x + 2*h - 3329 = 0. What is the thousands digit of x?
1
What is the units digit of (-10)/(-400)*10 + 2670/8?
4
Suppose -7*w - 46*w + 96672 = 0. What is the hundreds digit of w?
8
Suppose -2*c + 0 = -2. Let s = -19 + c. Let w = 31 + s. What is the tens digit of w?
1
Suppose -5 = -2*a + 15. Let u = a - 10. What is the tens digit of u + 3 + (-51)/(-3)?
2
Let f = 14 + -11. Suppose 4*m - 4 = 5*t - t, -m + 1 = f*t. Suppose -d + 40 + 28 = t. What is the tens digit of d?
6
Suppose 0 = 2*k - 3*p + 12, -23 = k - 5*p - 3. Suppose -15*a + 14*a + 24 = k. What is the units digit of a?
4
Let z(s) = s**3 - 3*s**2 - 2*s + 13. Let j be z(5). Suppose j + 60 = t. What is the hundreds digit of t?
1
Let s(a) = -a**3 + 6*a**2 - 2*a - 5. Let t be s(5). Let j be (-146)/4 + 5/t. Let k = -24 - j. What is the units digit of k?
2
Suppose 13*d + 5590 = 26*d. What is the units digit of d?
0
What is the tens digit of -3 + (1136/(-48))/(3/(-378))?
7
Let q(z) = 20*z + 362. What is the tens digit of q(-6)?
4
Suppose 8*p - 10*p = 8. What is the tens digit of p*3/3*-36?
4
What is the thousands digit of (4 + -13 + 11)*1504?
3
Let m(l) = -l**3 - 4*l**2 + 6*l + 5. Let y be (-1)/(2/(36/3)). What is the tens digit of m(y)?
4
Suppose t - 1 = 0, 145 = 5*b - b + 5*t. Let r(p) = -3*p**2 + 2*p**2 + 8*p**2 + b - 26 - 4*p - p**3. What is the units digit of r(6)?
1
Let r = -9142 - -13151. What is the tens digit of r?
0
What is the tens digit of 32/112 - 131/(-7)?
1
Let t(l) = -l**3 + 5*l**2 + 3*l + 4. Let s be t(5). Let z be 30/(-20) + s/2. Suppose 5*p - 40 = -z*r + 3*r, 3*r - 3*p - 6 = 0. What is the units digit of r?
5
Suppose -2*y - 276 = 2*y. Let i = y + 102. What is the units digit of 2/4 - i/(-2)?
7
Suppose -j - 4*t = -160 - 877, -2*t - 2084 = -2*j. What is the hundreds digit of j?
0
Let q(j) = j**3 + j**2 - 9*j - 31. What is the hundreds digit of q(8)?
4
Let s(y) = 8*y - 2. Let u be s(-1). What is the units digit of u/(-14) + 2/7?
1
Suppose -100*w + 79*w + 93429 = 0. What is the units digit of w?
9
Let t(s) = 10*s**2 + 2*s + 2. Let g be t(-2). Let o = g - 11. What is the tens digit of o?
2
Let w(x) = x**3 - 11*x**2 + 5*x + 20. What is the tens digit of w(14)?
7
Let c(i) = 0 + 63*i**2 - 2 - 64*i**2 - 1 + 10*i. What is the tens digit of c(7)?
1
Let u(y) = 800*y - 9. What is the hundreds digit of u(1)?
7
Let r(v) = -60*v - 40. Let y be r(-26). Suppose -8*j + y = 8*j. What is the units digit of j?
5
Let o = 57 + 417. What is the units digit of o?
4
Let b be -6*((-8)/(-3))/(-4). Suppose -5*f + 3 = -b*f. Suppose -2*v = -v - f, -4*v = -y + 13. What is the tens digit of y?
2
Suppose -8 = -14*t + 18*t. Let m be -2 + 3 + (-8)/t. Suppose -5*g + 5*i + 283 = 2*i, -m*i - 5 = 0. What is the tens digit of g?
5
Suppose 4*y - 5 = -y + 5*d, 3*y - 2*d - 4 = 0. Suppose -y*l = -0*l - 22. Let i(u) = u + 11. What is the units digit of i(l)?
2
Suppose -4*x - 4*r + 6512 = 0, 18*x - 20*x - 5*r + 3259 = 0. What is the units digit of x?
7
What is the tens digit of 963 + -15 + -6 + 2?
4
Let m = 502 + -290. Suppose 0*w + 3*k - m = -4*w, 2*k + 53 = w. What is the tens digit of w?
5
Suppose -2 + 18 = -4*i, 5*c - 21026 = -i. What is the units digit of c?
6
Let r be 514/(-14) - (-20)/(-70). Let a = 4 - r. What is the units digit of a?
1
Let x(z) = z**3 - 8*z**2 - 5*z - 11. Let y be x(9). Suppose 0 = 4*a - y - 123. What is the units digit of a?
7
Let d = -25 - -58. Suppose -2*p = 4*g - 114, -g - 6*p = -7*p - d. What is the tens digit of g?
3
What is the tens digit of (-2455)/(-7) - 52/(-182)?
5
Suppose -9*d = 2*d + 935. Let f = 152 + d. What is the units digit of f?
7
Suppose -a + 3*b - 1 = 0, -b = 5*a - 6*b - 35. Let d = 5 + a. What is the tens digit of d?
1
Let u(j) = 2*j + 49 - 18 + j**2 + 6. Suppose 16*w - 2 = -2. What is the units digit of u(w)?
7
Suppose 16 + 4 = 5*s. What is the units digit of 72 - (s + -3 + 2)?
9
Suppose -4*x - 937 + 6665 = 0. What is the hundreds digit of x?
4
Suppose 0 = -8*v + v + 973. Suppose -267 = -4*p + 2*n + 265, -p = -2*n - v. What is the hundreds digit of p?
1
Let d = -9 + 7. Let u = d + 5. What is the tens digit of ((-7)/(-3))/(u/27)?
2
Let v = 17 - 23. Let l be (0/1)/(v - -8). Let p(z) = 2*z + 50. What is the tens digit of p(l)?
5
Let h be 1/(-2) + (-70)/(-20). Suppose -2*b + 3*o = 3*b - 30, 5*o = -h*b - 16. Suppose b*d - 28 = -d. What is the units digit of d?
7
Let w be (2 - (-1 + 2))*4. Let l(q) = w + 3*q**2 - 3 + 0*q**2 + 1. What is the units digit of l(3)?
9
Let v(u) = -5*u**3 - 7*u**2 - 4*u + 12. Let d(o) = 5*o**3 + 6*o**2 + 4*o - 11. Let q(s) = 3*d(s) + 2*v(s). What is the units digit of q(3)?
4
Suppose o = -4*i + 391, -i = -4*o - 102 - 17. Suppose 3*f - 3*v - i = 0, -2*v + 58 = -4*f + 6*f. What is the units digit of f?
1
Suppose -78 = n - 14*n. Suppose n*r - 1333 = 677. What is the units digit of r?
5
Let r be 24/28*14/4. Suppose 4*o = 3*n + 19, 2*n + r*n - 4*o = -21. Let m(j) = -20*j**3 + j**2 + 3*j + 2. What is the units digit of m(n)?
0
What is the tens digit of (7/(105/36))/(48/1800)?
9
Let t(r) = r**2 - 8*r + 3. Let g be (-2)/(-13) - (-510)/65. Let h be t(g). Suppose -h*i + 3*l - 2*l = -11, i - 9 = -5*l. What is the units digit of i?
4
Suppose -2*n + 2956 = 2*u, n = 4*u - 7649 + 1722. What is the units digit of u?
1
Suppose i = p - 42 - 11, 5*p = 3*i + 167. Let l = 94 + i. What is the tens digit of (-2)/(-9) + 2735/l?
6
Suppose -w + 5 = -3*q + w, 0 = 5*q + 5*w. What is the tens digit of 1 - q*58/1?
5
Let m(g) = 42*g + 28. Let t(n) = n**2 - 10*n - 5. Let a be t(11). What is the units digit of m(a)?
0
What is the hundreds digit of (2*(-2)/(-4))/(66/16236)?
2
Let q = 719 + 274. What is the hundreds digit of q?
9
Let j be (-812)/(-6) - (-10)/15. What is the hundreds digit of j*(0 - 2)*5/(-10)?
1
Let p(j) = -905*j + 10. What is the tens digit of p(-4)?
3
Let t(y) = y**3 + 12*y**2 + 3*y + 29. Let k be t(-12). Let d(j) = -3*j**3 - 18*j**2 - 4*j + 22. What is the hundreds digit of d(k)?
1
Suppose -2*x + 4*m = 2*m - 964, 0 = x + 2*m - 488. What is the units digit of x?
4
What is the thousands digit of (-5)/(-15) + 5*(-1045)/(-3)?
1
Suppose 0 = -5*h - 4*z + 2*z + 73, 2*h + 3*z = 27. Let o = 7 - -5. Let r = h - o. What is the units digit of r?
3
Suppose 29 = 8*c - 3. Suppose -5*m - 254 = -2*p - 82, -c*m + 364 = 5*p. What is the tens digit of p?
7
Suppose -3*o + 2675 + 586 = y, o - 13044 = -4*y. What is the tens digit of y?
6
Let v(h) = h**3 + 20*h**2 - 29*h + 25. Let u be ((-84)/(-20))/(4/(-20)). What is the hundreds digit of v(u)?
1
Let x(u) = -7*u - 16. Let t be x(-16). What is the tens digit of (t - 0)/1 - 2?
9
What is the tens digit of (2815*(-2)/(-40))/((-1)/(-32))?
0
Let f(t) = -3*t - 3*t - 6*t + 4*t**3 + 7*t + 5*t**2. What is the hundreds digit of f(3)?
1
Let o(k) = 111*k**2 + 2*k + 2. What is the tens digit of o(-2)?
4
Let s be (-7)/(-21) + (-58)/(-6). Suppose 6*t - s*t + 116 = 0. What is the tens digit of t?
2
Suppose -2*d = -5*b - 5*d + 1, -5 = 5*b + 5*d. Let q = -111 + 111. Suppose -b*c = h - 27, -3*h + 5*c = -q*c - 70. What is the units digit of h?
5
W